 + 1 + -12 + 5.
2
Evaluate (1 - -6) + -13 + 4.
-2
Calculate 13 - (4 - -3) - 13.
-7
What is -3 + -1 + -1 - (-6 - 4)?
5
Calculate 1 - (0 - ((2 - 2) + 2)).
3
Evaluate 3 - (-3 + (5 - 2)).
3
Calculate 1 + 11 + (-51 - -44).
5
Calculate (-8 - -6) + -2 - -6.
2
Calculate (0 - 4) + 8 + 0 + -1.
3
What is (8 - 8) + (-5 - -2)?
-3
19 - (-5 - -1 - -16)
7
Evaluate -3 + -5 + 1 - (5 - 13).
1
1 + -1 + 2 - (51 + -52)
3
Calculate 4 - 3 - (5 + -2).
-2
What is the value of -5 + 11 + -4 - (1 + -4)?
5
Calculate -4 - (-6 - -3 - (-3 + 2)).
-2
Calculate 15 + -2 + 2 - 4.
11
Evaluate 27 + -22 - (3 - 1).
3
3 - (-2 + 4 + -1 - 6)
8
-10 + -7 + (5 - -7)
-5
14 - (-7 + 4 + 11)
6
Calculate 6 - (13 - 4 - 8).
5
What is (11 - 8) + (1 - 3 - 3)?
-2
5 + -5 - (-5 + 1)
4
What is 25 + -10 - (2 + -3 - -6)?
10
61 - 52 - (-2 - -2)
9
What is -1 + -4 + 1 - (22 + -21)?
-5
2 - (2 + (-4 - -7))
-3
4 - (13 - 0) - -7
-2
Calculate -4 + -1 + (9 - 1).
3
(12 - 11) + (-1 - -3 - 4)
-1
What is the value of -6 + 3 + -1 + (-6 - -11)?
1
Evaluate 2 + (-2 - -1) + (2 - -1).
4
Calculate -17 + 6 + -6 - -10.
-7
Calculate -2 - ((6 - 0) + (-25 - -23)).
-6
Calculate -4 - (-2 - (4 - 1)).
1
(-56 - -58) + (-2 - 0) + -4
-4
What is the value of (3 - (-6 - (-9 - -5))) + 2?
7
What is the value of -36 + 20 - (-4 + -1 + -1)?
-10
Calculate 7 + -2 - 8 - (1 + 0).
-4
What is -1 - (0 - ((6 - 3) + 0))?
2
What is the value of 8 - (7 + -2 - 3 - -1)?
5
What is the value of 5 + (9 - 15 - -6)?
5
(2 - 4) + -2 + 2
-2
What is (-5 - -2 - (1 + -2)) + 6?
4
-10 + 14 - (0 - 1)
5
What is (-9 - (3 + -8)) + 8?
4
Evaluate (4 - (5 + 1 + -4)) + -5.
-3
(1 - 5) + (-5 - -3)
-6
Evaluate -4 - -5 - (4 - (0 + -6)).
-9
0 + 8 + 1 + -6 + 2
5
Calculate -7 + (5 - 2) + -4 + 5.
-3
2 + -6 - -8 - 6
-2
Evaluate -11 - (-1 - 6 - -1).
-5
3 + 1 - 5 - 1
-2
Calculate 7 + -1 + 10 + -4 + -8.
4
Calculate -3 + -3 + 3 + -1 + 0.
-4
-4 + (-14 - -2 - -9)
-7
What is (6 - (-2 + (-1 - -4))) + -1?
4
What is -1 - (-5 + (1 - -2))?
1
What is -1 + (-34 + 34 - (-6 - 1))?
6
What is the value of 3 + 1 + (-29 - -24)?
-1
Calculate (7 + 1 - (-7 + 13)) + 4.
6
What is the value of -4 + (4 - -1) + 0?
1
What is -4 + (8 - -1) + -3?
2
Evaluate 1 - (2 - -2) - 0.
-3
Calculate 6 - 16 - -5 - (-8 - 3).
6
5 - -1 - (39 - 35)
2
Evaluate -2 - -1 - 0 - (-44 - -38).
5
11 + -12 - (5 + -12)
6
What is 1 + -8 + 12 + -6 + 9?
8
Evaluate 1 - (-4 + 7 + -4).
2
What is the value of 1 - (-3 + (2 - -1) - -3)?
-2
What is the value of 7 + (-6 - 1 - 1) + -6?
-7
Evaluate (-1 - -11) + 0 + -17.
-7
What is the value of (6 - 1 - 0) + -8 + 2?
-1
Calculate (-2 - 6) + 3 + 3.
-2
What is the value of -7 - (-30 + (2 - -5)) - 6?
10
What is 11 + (4 - 2) + -7?
6
Evaluate -5 - (1 - (1 + -4 + 6)).
-3
What is the value of -4 - (0 + 1 + -6) - -1?
2
Evaluate -2 - (-9 + -1 - -2).
6
What is the value of 87 + -90 + (0 - 2) + 7?
2
What is the value of -9 + (7 - (10 - 8))?
-4
-6 + 1 + 6 - (4 + 3)
-6
Calculate -1 + 1 - (-1 + 1).
0
Calculate 7 - 5 - (-4 - -2 - -4).
0
-7 + -1 + 9 + -2
-1
Calculate 3 + -4 - (2 + -3 + -4).
4
Calculate (0 - (-2 + 11)) + 4 - -4.
-1
Calculate 4 + -7 + (6 - (0 + 5)).
-2
What is -1 + -1 + -1 + (24 - 23)?
-2
Evaluate -4 + 3 - (3 - 0).
-4
2 + 6 - (-3 + 13)
-2
Calculate -3 + 3 + 0 + -1.
-1
Evaluate (3 - -2) + (-6 - -5) - 0.
4
What is the value of 2 + -1 + 4 + 1 + -5?
1
0 - 6 - (-8 - -2)
0
Evaluate (3 - -4) + -5 + 2.
4
What is the value of 10 - 3 - (4 + -8 - -7)?
4
What is the value of -5 - (1 - 1 - 3)?
-2
Calculate 3 + 4 + (-2 - 5) + -1.
-1
What is the value of (-4 - -2) + (3 - 0)?
1
Evaluate -6 + (4 + 0 + -1 - -3).
0
What is the value of 10 - (6 - (-6 + 6))?
4
What is (13 - (1 - -5)) + -4?
3
Evaluate -30 - -29 - (-7 + -2).
8
Evaluate -2 + (-2 - (12 + -16)).
0
What is -13 - -1 - (-33 + 29)?
-8
Calculate 13 + 1 + 1 + 0 + -5.
10
What is the value of (15 - 18) + (-1 - (-3 - 1))?
0
Calculate -3 + (-3 - (-4 + -1 + 2)).
-3
Calculate -2 - -4 - (-30 + 10 - -12).
10
Evaluate 1 - -3 - (2 + 0).
2
Evaluate (39 - 21) + (0 - 11).
7
Evaluate 4 - (3 - (1 + -3)).
-1
1 - -1 - (1 + 6 + -2)
-3
What is the value of 0 - (4 - (1 + 2))?
-1
What is the value of (4 - (-10 - -4)) + -7?
3
Calculate -1 - ((-1 + 3 - 8) + 1).
4
What is the value of -65 + 63 - (1 - 6)?
3
Evaluate 6 + 0 - (7 + -4).
3
What is (-5 - -2) + (16 - 17)?
-4
Calculate (76 - 75) + 0 + (2 - 2).
1
What is the value of -4 - -8 - (4 - -1 - 7)?
6
What is 11 + (5 - (14 - -2))?
0
-4 + (-3 - (-3 - 0))
-4
4 - 2 - (4 + 3 + -6)
1
Calculate (-2 + 3 + -2 - -3) + -2.
0
Calculate -7 + ((-3 - -3) + 5 - 2).
-4
What is -3 - 2 - (-2 - 0)?
-3
What is the value of (-2 - -5) + (3 + 0 - 7)?
-1
3 + -16 + 4 + 1
-8
Calculate 3 + -6 + (-1 + -4 - -7).
-1
What is the value of 2 - (-2 - -1 - -4)?
-1
What is -7 + 4 - -2 - -6?
5
Calculate 16 + -8 + 7 - 9.
6
What is the value of (12 - 12) + (2 - (-2 + 9))?
-5
Calculate (-1 - -1) + (19 - 33) + 12.
-2
-7 + 0 - (11 + (-17 - -7))
-8
What is the value of 7 - (0 - (-3 - 2))?
2
Calculate (-10 - -13) + (1 - 1) - 7.
-4
14 + (10 - 8 - 10)
6
What is the value of -10 + 14 - (-1 + 4)?
1
Evaluate -5 + (-7 - -8) + -1.
-5
Evaluate 3 + 0 + -3 + -2 - -7.
5
What is the value of (-12 - -2) + 9 + -2 + -2?
-5
Evaluate 6 + (6 - 8) + -3 + -1.
0
Evaluate (-6 - -5) + (0 - -6).
5
-1 + 0 - (19 - 23)
3
Evaluate (-2 - -5) + (-5 - 4).
-6
Calculate -3 + (-8 - -3) + -17 + 24.
-1
What is the value of 13 + -9 + (0 - -3)?
7
-3 - -5 - (2 - -2 - 9)
7
Evaluate -8 - (1 - (14 + -6)).
-1
Calculate 4 + -3 + 2 - -1.
4
10 + -8 + -15 + 10
-3
Evaluate 0 - -1 - (-16 + 23).
-6
Calculate -10 + 10 + (0 - 3).
-3
-3 - (-3 - (-3 + 4))
1
-4 + (-7 + 1 - -4) + 4
-2
Evaluate -3 + (2 + -5 - -4) + 4.
2
What is the value of -69 + 62 + 1 + 11?
5
Calculate -4 + (1 - -10) - 2.
5
38 + -31 - (9 + -2)
0
(0 - 7 - -4) + 7
4
What is the value of 3 - (6 - 3 - (7 + -9))?
-2
What is 15 + -11 - (1 + 4)?
-1
What is the value of (-7 - (-6 - -3)) + 8 + -7?
-3
Evaluate 9 + -7 + 3 + 3.
8
Calculate 6 + (-4 - (14 - 9)).
-3
Evaluate -2 + 3 - ((-13 - -25) + -6).
-5
What is the value of 10 + -5 - (0 - -6) - 4?
-5
Evaluate (-2 - 0) + (-20 - -8 - -14).
0
Calculate 4 + (-1 - (1 + 0 + 0)).
2
Evaluate (5 - 5 - -2) + (-2 - -1).
1
What is the value of -12 - (-13 + 9) - -1?
-7
-2 + -2 - (-1 - -1)
-4
Calculate 4 - (-5 - 3 - -8).
4
What is the value of -6 + -10 + (0 - -11)?
-5
What is 6 - (1 + -1 + (3 - 0))?
3
3 + (-1 - -1 - (-1 - -6))
-2
Evaluate -2 + -4 + 14 + -11.
-3
What is the value of 5 + (7 - (13 + (3 - 6)))?
2
5 + (-1 - -4 - (1 - -2))
5
-1 + 0 + -7 + (-3 - -3)
-8
What is (2 - 10 - -3) + 4?
-1
Evaluate (-1 - (0 - 3)) + -7.
-5
Calculate (6 - 13) + 8 - (-1 + -1).
3
What is 0 - 6 - (16 + -18)?
-4
Evaluate -29 + 21 + -7 + 4.
-11
Evaluate 0 + (-4 - 3) + 2.
-5
What is -6 + (1 + -1 - -2)?
-4
Evaluate -2 + 2 - (5 - 8).
3
What is the value of 0 - ((-3 - -1 - -3) + -1)?
0
Calculate (-4 - 16 - -3) + 10.
-7
Evaluate 3 + -4 + 6 + -13.
-8
0 + 1 + 2 - (-8 - -15)
-4
What is the value of 0 - (0 - (-4 - (3 + -6)))?
-1
What is the value of -4 + (-4 + (2 - -1) - -2)?
-3
Evaluate -7 - -4 - (-1 + -9 + 2).
5
Evaluate 2 - (0 - -2) - (-1 + 3).
-2
Calculate -4 + (-4 - (1 + -1 - 10)).
2
Evaluate -2 - (3 + -1 + -5 + 1).
0
What is -5 + -3 + 4 + 9?
5
What is the value of 0 + 0 + (5 - 1)?
4
What is the value of -3 - -4 - (0 + 0)?
1
What is -11 + 8 - (-3 - -1)?
-1
What is -48 + 45 - (-6 - (1 + -1))?
3
What is the value of (7 - 8) + -3 + -1?
-5
Calculate -3 + (7 - 11) + 4.
-3
What is the value of (3 - 2) + (-8 - -3) + 3?
-1
What is the value of -2 + 0 - (2 - 4)?
0
Calculate 0 + -13 - (-3 - -1 - 3).
-8
Evaluate 2 - 0 - (-3 + 3 + -2).
4
-8 + 18 + -8 + -8
-6
Calculate (-4 - (2 - 3)) + (13 - 8).
2
(-1 - 1) + (11 - 7) - 5
-3
What is -1 + 0 + 2 - -4?
5
-7 - ((6 - 25) + 11)
1
Evaluate 7 - (-2 + -2) - (-11 + 14).
8
What is the value of (5 + -10 - -2) + 2?
-1
Calculate 0 + 0 - (-4 + 4 + 2).
-2
Evaluate (1 - (-2 + 6)) + 2.
-1
What is the value of 24 + -28 + (0 - 1) + 0?
-5
Evaluate -1 - -5 - (27 - 23).
0
Evaluate 11 - (4 - 4) - (1 - -4).
6
(5 + 2 - 3) + -2 + -1
1
-12 + 10 + -4 - (-3 + 1)
-4
Evaluate -7 + (0 - (-7 + 8 + -8)).
0
What is the value of 2 - -4 - (1 + 4 - -5)?
-4
-130 - -141 - (-1 - (1 - 4))
9
Calculate 4 + (-9 - (-6 + 0 + 2)).
-1
Evaluate 7 + 4 + -16 - (-8 - 0).
3
What is 0 + 2 - ((3 - 1) + 0)?
0
Calculate 5 + -2 + -6 + 5.
2
Calculate -3 - ((-13 - -11) + 0 + -1).
0
What is the value